
True
Is 12 a factor of 10938?
False
Is 9 a factor of 6231?
False
Is 2933 a multiple of 18?
False
Is 12168 a multiple of 24?
True
Is 1332 a multiple of 45?
False
Is 384 a multiple of 87?
False
Is 7 a factor of 6419?
True
Is 728 a multiple of 8?
True
Does 29 divide 424?
False
Is 10 a factor of 17019?
False
Is 18 a factor of 2790?
True
Is 232 a factor of 64728?
True
Is 15 a factor of 435?
True
Does 33 divide 3053?
False
Does 38 divide 267?
False
Is 175 a multiple of 4?
False
Does 15 divide 35171?
False
Does 40 divide 4121?
False
Does 18 divide 4438?
False
Does 11 divide 13706?
True
Does 23 divide 9821?
True
Is 774 a multiple of 6?
True
Is 3800 a multiple of 8?
True
Is 160 a factor of 10394?
False
Is 17 a factor of 901?
True
Is 49 a factor of 7521?
False
Does 34 divide 23868?
True
Is 12289 a multiple of 9?
False
Does 17 divide 9882?
False
Is 2322 a multiple of 104?
False
Does 147 divide 9744?
False
Is 6624 a multiple of 48?
True
Is 2944 a multiple of 30?
False
Is 46573 a multiple of 183?
False
Is 8 a factor of 1563?
False
Does 107 divide 4173?
True
Is 10 a factor of 5131?
False
Does 23 divide 1380?
True
Is 940 a multiple of 16?
False
Does 75 divide 675?
True
Is 1875 a multiple of 75?
True
Is 4704 a multiple of 49?
True
Is 15 a factor of 84?
False
Is 1771 a multiple of 24?
False
Is 146 a factor of 3066?
True
Does 319 divide 44475?
False
Does 14 divide 395?
False
Is 77 a factor of 10010?
True
Is 10 a factor of 11300?
True
Is 25 a factor of 275?
True
Is 7533 a multiple of 9?
True
Does 37 divide 1517?
True
Is 208 a factor of 89440?
True
Is 1432 a multiple of 21?
False
Is 5 a factor of 3320?
True
Is 139 a factor of 84129?
False
Does 31 divide 94?
False
Is 5625 a multiple of 2?
False
Does 18 divide 3492?
True
Is 2 a factor of 139?
False
Is 1998 a multiple of 37?
True
Is 1423 a multiple of 6?
False
Is 1695 a multiple of 29?
False
Does 59 divide 4543?
True
Does 15 divide 2771?
False
Is 303 even?
False
Does 15 divide 2143?
False
Is 11 a factor of 374?
True
Does 51 divide 1586?
False
Is 14525 a multiple of 35?
True
Is 33 a factor of 64515?
True
Does 212 divide 63176?
True
Does 9 divide 682?
False
Is 13 a factor of 52?
True
Is 94 a factor of 39892?
False
Is 672 even?
True
Is 3 a factor of 541?
False
Is 151 a factor of 35485?
True
Is 266 a factor of 53466?
True
Does 2 divide 292?
True
Does 79 divide 6750?
False
Is 16 a factor of 26496?
True
Is 5 a factor of 1901?
False
Is 1371 a multiple of 135?
False
Is 56 even?
True
Is 27 a factor of 30?
False
Is 17 a factor of 7922?
True
Is 930 a multiple of 10?
True
Is 107 a factor of 12240?
False
Is 92 a factor of 35696?
True
Is 8558 a multiple of 11?
True
Does 10 divide 340?
True
Does 65 divide 12449?
False
Is 72 a factor of 1368?
True
Is 2160 a multiple of 72?
True
Is 25 a factor of 10111?
False
Is 46 a factor of 1564?
True
Is 100 a factor of 7900?
True
Does 38 divide 726?
False
Is 37 a multiple of 4?
False
Does 34 divide 476?
True
Is 40950 a multiple of 21?
True
Is 132 a factor of 20072?
False
Is 81 a factor of 18842?
False
Is 4770 a multiple of 10?
True
Does 2 divide 1489?
False
Does 20 divide 3600?
True
Is 90 a factor of 2507?
False
Does 80 divide 7652?
False
Is 892 a multiple of 54?
False
Is 6589 a multiple of 7?
False
Is 189 a multiple of 8?
False
Is 5 a factor of 3777?
False
Does 61 divide 2318?
True
Does 357 divide 18953?
False
Is 68 a factor of 476?
True
Is 5241 a multiple of 33?
False
Is 19415 a multiple of 150?
False
Does 64 divide 128?
True
Does 49 divide 3944?
False
Is 12 a factor of 1041?
False
Is 9313 a multiple of 48?
False
Is 40 a factor of 13480?
True
Does 11 divide 3603?
False
Is 153 a multiple of 8?
False
Does 132 divide 63066?
False
Does 14 divide 2439?
False
Is 35 a factor of 289?
False
Is 514 a multiple of 48?
False
Is 42 a factor of 1230?
False
Is 10 a factor of 514?
False
Is 1567 a multiple of 79?
False
Is 7008 a multiple of 6?
True
Does 3 divide 437?
False
Is 19 a factor of 7372?
True
Is 1433 even?
False
Does 16 divide 896?
True
Is 41095 a multiple of 178?
False
Is 320 a multiple of 4?
True
Is 45 a factor of 14445?
True
Is 66344 a multiple of 361?
False
Is 296 a multiple of 37?
True
Is 8298 a multiple of 63?
False
Does 24 divide 2432?
False
Is 19379 a multiple of 7?
False
Does 201 divide 6727?
False
Is 23 a factor of 413?
False
Is 13168 a multiple of 16?
True
Does 64 divide 472?
False
Does 12 divide 1020?
True
Does 24 divide 2620?
False
Does 20 divide 799?
False
Is 2 a factor of 755?
False
Is 83 a factor of 1245?
True
Is 42 a factor of 2678?
False
Is 66 a multiple of 2?
True
Is 21099 a multiple of 23?
False
Does 74 divide 5920?
True
Does 39 divide 117?
True
Does 129 divide 4203?
False
Does 2 divide 4443?
False
Is 46 a factor of 1365?
False
Is 1648 a multiple of 255?
False
Is 920 a multiple of 40?
True
Does 214 divide 16858?
False
Does 11 divide 21?
False
Does 66 divide 5560?
False
Is 126 a multiple of 3?
True
Does 39 divide 4413?
False
Is 3406 a multiple of 17?
False
Is 24 a factor of 1272?
True
Is 28 a factor of 840?
True
Is 165 a multiple of 55?
True
Does 8 divide 261?
False
Does 16 divide 11152?
True
Is 3403 a multiple of 83?
True
Is 12 a factor of 21324?
True
Is 19282 a multiple of 32?
False
Is 109 a multiple of 14?
False
Is 5498 a multiple of 3?
False
Is 381 a multiple of 16?
False
Is 5 a factor of 738?
False
Is 11 a factor of 1188?
True
Is 67 a factor of 3953?
True
Does 5 divide 195?
True
Does 28 divide 2968?
True
Does 298 divide 26224?
True
Is 601 a multiple of 15?
False
Does 32 divide 25632?
True
Does 63 divide 630?
True
Is 3088 a multiple of 14?
False
Is 4 a factor of 985?
False
Does 38 divide 667?
False
Is 4 a factor of 4200?
True
Is 18 a factor of 6883?
False
Is 38672 a multiple of 236?
False
Is 16166 a multiple of 63?
False
Is 828 a multiple of 46?
True
Is 15788 a multiple of 22?
False
Is 2054 a multiple of 12?
False
Is 130 a factor of 16250?
True
Does 20 divide 326?
False
Is 20 a factor of 38760?
True
Is 212 a factor of 106212?
True
Is 3 a factor of 854?
False
Is 34 a factor of 471?
False
Does 14 divide 994?
True
Is 3 a factor of 9?
True
Does 24 divide 432?
True
Is 784 a multiple of 2?
True
Is 6 a factor of 299?
False
Is 396 a multiple of 18?
True
Does 66 divide 15840?
True
Is 3 a factor of 265?
False
Is 4 a factor of 13235?
False
Is 24118 a multiple of 29?
False
Is 1326 a multiple of 34?
True
Does 130 divide 66939?
False
Is 8429 a multiple of 7?
False
Is 6 a factor of 45492?
True
Is 199 a multiple of 3?
False
Is 10614 a multiple of 58?
True
Does 108 divide 61015?
False
Does 21 divide 1680?
True
Is 161 a factor of 15456?
True
Is 9720 a multiple of 20?
True
Does 110 divide 28710?
True
Is 5130 a multiple of 15?
True
Is 5906 a multiple of 13?
False
Is 2095 a multiple of 8?
False
Is 18223 a multiple of 37?
False
Is 45 a factor of 24911?
False
Is 34 a factor of 437?
False
Is 13 a factor of 857?
False
Does 19 divide 1102?
True
Is 6 a factor of 228?
True
Is 14 a factor of 3654?
True
Does 2 divide 2541?
False
Is 86 a factor of 284?
False
Does 19 divide 1266?
False
Does 10 divide 648?
False
Does 6 divide 2670?
True
Is 68 a factor of 5916?
True
Is 95 a factor of 1615?
True
Is 105 a multiple of 17?
False
Is 15 a factor of 662?
False
Is 4655 a multiple of 35?
True
Does 33 divide 751?
False
Is 25 a factor of 96?
False
Is 633 a multiple of 19?
False
Does 8 divide 1090?
False
Does 40 divide 53017?
False
Is 70 a factor of 20214?
False
Is 209 a factor of 30347?
False
Does 3 divide 1283?
False
Does 169 divide 57892?
False
Is 28594 a multiple of 155?
False
Does 32 divide 13344?
True
Does 3 divide 230?
False
Does 4 divide 163?
False
Is 13273 a multiple of 13?
True
Is 44 a factor of 1720?
False
Is 40 a factor of 5440?
True
Is 12717 a multiple of 8?
False
Is 16 a factor of 32304?
True
Does 68 divide 17680?
True
Is 68 a multiple of 17?
True
Does 23 divide 1297?
False
Is 14997 a multiple of 14?
False
Is 45170 a multiple of 43?
False
Is 759 a multiple of 69?
True
Is 118 a multiple of 6?
False
Is 22 a factor of 2134?
True
Does 2 divide 115?
False
Does 7 divide 1017?
False
Does 20 divide 1633?
False
Is 5 a factor of 5680?
True
Does 304 divide 1020?
False
Does 19 divide 10678?
True
Is 143 a multiple of 5?
False
Is 30995 a multiple of 7?
False
Is 21090 a multiple of 14?
False
Is 63 a factor of 14605?
Fal